{"id":3022,"date":"2024-05-14T19:20:25","date_gmt":"2024-05-14T17:20:25","guid":{"rendered":"https:\/\/digitalidentitysn.com\/winwinpartners\/?page_id=3022"},"modified":"2024-05-14T19:27:57","modified_gmt":"2024-05-14T17:27:57","slug":"penthouses","status":"publish","type":"page","link":"https:\/\/digitalidentitysn.com\/winwinpartners\/penthouses\/","title":{"rendered":"Penthouses"},"content":{"rendered":"\t\t<div data-elementor-type=\"wp-page\" data-elementor-id=\"3022\" class=\"elementor elementor-3022\" data-elementor-post-type=\"page\">\n\t\t\t\t<div data-particle_enable=\"false\" data-particle-mobile-disabled=\"false\" class=\"elementor-element elementor-element-1fcb000 e-flex e-con-boxed e-con e-parent\" data-id=\"1fcb000\" data-element_type=\"container\">\n\t\t\t\t\t<div class=\"e-con-inner\">\n\t\t<div data-particle_enable=\"false\" data-particle-mobile-disabled=\"false\" class=\"elementor-element elementor-element-b9434ea e-con-full e-flex e-con e-child\" data-id=\"b9434ea\" data-element_type=\"container\">\n\t\t\t\t<div class=\"elementor-element elementor-element-d0fd755 elementor-widget elementor-widget-spacer\" data-id=\"d0fd755\" data-element_type=\"widget\" data-widget_type=\"spacer.default\">\n\t\t\t\t<div class=\"elementor-widget-container\">\n\t\t\t\t\t\t\t<div class=\"elementor-spacer\">\n\t\t\t<div class=\"elementor-spacer-inner\"><\/div>\n\t\t<\/div>\n\t\t\t\t\t\t<\/div>\n\t\t\t\t<\/div>\n\t\t\t\t<div class=\"elementor-element elementor-element-82878d9 elementor-widget elementor-widget-heading\" data-id=\"82878d9\" data-element_type=\"widget\" data-widget_type=\"heading.default\">\n\t\t\t\t<div class=\"elementor-widget-container\">\n\t\t\t\t\t<h2 class=\"elementor-heading-title elementor-size-default\">Nos Penthouses<\/h2>\t\t\t\t<\/div>\n\t\t\t\t<\/div>\n\t\t\t\t<div class=\"elementor-element elementor-element-203f1fb elementor-widget elementor-widget-text-editor\" data-id=\"203f1fb\" data-element_type=\"widget\" data-widget_type=\"text-editor.default\">\n\t\t\t\t<div class=\"elementor-widget-container\">\n\t\t\t\t\t\t\t\t\t<p>Perch\u00e9s au sommet de nos immeubles, nos Penthouses offrent un cadre de vie exclusif avec des vues panoramiques \u00e0 couper le souffle. Spacieux et lumineux, ces espaces de vie prestigieux sont con\u00e7us pour offrir un confort absolu et une atmosph\u00e8re de luxe. Profitez de terrasses priv\u00e9es, de mat\u00e9riaux de qualit\u00e9 sup\u00e9rieure et d&#8217;une attention aux d\u00e9tails qui ne laisse rien au hasard. <a href=\"https:\/\/digitalidentitysn.com\/winwinpartners\/residence-terre-neuve\/\"><u>R\u00e9sidence Terre Neuve<\/u><\/a>\u00a0; <a href=\"https:\/\/digitalidentitysn.com\/winwinpartners\/residence-elysee\/\"><u>R\u00e9sidence Elys\u00e9e<\/u><\/a><\/p>\t\t\t\t\t\t\t\t<\/div>\n\t\t\t\t<\/div>\n\t\t\t\t<\/div>\n\t\t<div data-particle_enable=\"false\" data-particle-mobile-disabled=\"false\" class=\"elementor-element elementor-element-c483c28 e-con-full e-flex e-con e-child\" data-id=\"c483c28\" data-element_type=\"container\">\n\t\t\t\t<div class=\"elementor-element elementor-element-7950310 elementor-widget elementor-widget-image\" data-id=\"7950310\" data-element_type=\"widget\" data-widget_type=\"image.default\">\n\t\t\t\t<div class=\"elementor-widget-container\">\n\t\t\t\t\t\t\t\t\t\t\t\t\t\t\t<img fetchpriority=\"high\" decoding=\"async\" width=\"853\" height=\"1024\" src=\"https:\/\/digitalidentitysn.com\/winwinpartners\/wp-content\/uploads\/2024\/05\/UBA-by-night-1-853x1024.jpg\" class=\"attachment-large size-large wp-image-2864\" alt=\"\" srcset=\"https:\/\/digitalidentitysn.com\/winwinpartners\/wp-content\/uploads\/2024\/05\/UBA-by-night-1-853x1024.jpg 853w, https:\/\/digitalidentitysn.com\/winwinpartners\/wp-content\/uploads\/2024\/05\/UBA-by-night-1-250x300.jpg 250w, https:\/\/digitalidentitysn.com\/winwinpartners\/wp-content\/uploads\/2024\/05\/UBA-by-night-1-768x922.jpg 768w, https:\/\/digitalidentitysn.com\/winwinpartners\/wp-content\/uploads\/2024\/05\/UBA-by-night-1-1280x1536.jpg 1280w, https:\/\/digitalidentitysn.com\/winwinpartners\/wp-content\/uploads\/2024\/05\/UBA-by-night-1-1707x2048.jpg 1707w, https:\/\/digitalidentitysn.com\/winwinpartners\/wp-content\/uploads\/2024\/05\/UBA-by-night-1-scaled-e1715020099783.jpg 675w\" sizes=\"(max-width: 853px) 100vw, 853px\" \/>\t\t\t\t\t\t\t\t\t\t\t\t\t\t\t<\/div>\n\t\t\t\t<\/div>\n\t\t\t\t<\/div>\n\t\t<div data-particle_enable=\"false\" data-particle-mobile-disabled=\"false\" class=\"elementor-element elementor-element-265b123 e-con-full e-flex e-con e-child\" data-id=\"265b123\" data-element_type=\"container\">\n\t\t\t\t<div class=\"elementor-element elementor-element-1bb7ebf elementor-widget elementor-widget-image\" data-id=\"1bb7ebf\" data-element_type=\"widget\" data-widget_type=\"image.default\">\n\t\t\t\t<div class=\"elementor-widget-container\">\n\t\t\t\t\t\t\t\t\t\t\t\t\t\t\t<img decoding=\"async\" width=\"263\" height=\"300\" src=\"https:\/\/digitalidentitysn.com\/winwinpartners\/wp-content\/uploads\/2024\/05\/TERRE-NEUVE-FACADE-3-263x300.jpeg\" class=\"attachment-medium size-medium wp-image-2958\" alt=\"\" srcset=\"https:\/\/digitalidentitysn.com\/winwinpartners\/wp-content\/uploads\/2024\/05\/TERRE-NEUVE-FACADE-3-263x300.jpeg 263w, https:\/\/digitalidentitysn.com\/winwinpartners\/wp-content\/uploads\/2024\/05\/TERRE-NEUVE-FACADE-3-897x1024.jpeg 897w, https:\/\/digitalidentitysn.com\/winwinpartners\/wp-content\/uploads\/2024\/05\/TERRE-NEUVE-FACADE-3-768x876.jpeg 768w, https:\/\/digitalidentitysn.com\/winwinpartners\/wp-content\/uploads\/2024\/05\/TERRE-NEUVE-FACADE-3-1346x1536.jpeg 1346w, https:\/\/digitalidentitysn.com\/winwinpartners\/wp-content\/uploads\/2024\/05\/TERRE-NEUVE-FACADE-3.jpeg 1402w\" sizes=\"(max-width: 263px) 100vw, 263px\" \/>\t\t\t\t\t\t\t\t\t\t\t\t\t\t\t<\/div>\n\t\t\t\t<\/div>\n\t\t\t\t<\/div>\n\t\t<div data-particle_enable=\"false\" data-particle-mobile-disabled=\"false\" class=\"elementor-element elementor-element-26721de e-con-full e-flex e-con e-child\" data-id=\"26721de\" data-element_type=\"container\">\n\t\t\t\t<div class=\"elementor-element elementor-element-905c31a elementor-widget-divider--view-line elementor-widget elementor-widget-divider\" data-id=\"905c31a\" data-element_type=\"widget\" data-widget_type=\"divider.default\">\n\t\t\t\t<div class=\"elementor-widget-container\">\n\t\t\t\t\t\t\t<div class=\"elementor-divider\">\n\t\t\t<span class=\"elementor-divider-separator\">\n\t\t\t\t\t\t<\/span>\n\t\t<\/div>\n\t\t\t\t\t\t<\/div>\n\t\t\t\t<\/div>\n\t\t\t\t<div class=\"elementor-element elementor-element-96f4343 elementor-widget elementor-widget-text-editor\" data-id=\"96f4343\" data-element_type=\"widget\" data-widget_type=\"text-editor.default\">\n\t\t\t\t<div class=\"elementor-widget-container\">\n\t\t\t\t\t\t\t\t\t<p>Pour une exp\u00e9rience de vie encore plus exceptionnelle, nos penthouses en Duplex vous offrent le summum du luxe et du raffinement. Sur deux niveaux, ces r\u00e9sidences offrent une distribution intelligente de l&#8217;espace, cr\u00e9ant des zones distinctes pour le repos, la d\u00e9tente et le divertissement. Avec des int\u00e9rieurs \u00e9l\u00e9gants et des \u00e9quipements haut de gamme, nos penthouses en Duplex red\u00e9finissent les standards de l&#8217;habitat contemporain. <a href=\"https:\/\/digitalidentitysn.com\/winwinpartners\/residence-le-sommet\/\"><u>R\u00e9sidence Le Sommet<\/u><\/a><\/p>\t\t\t\t\t\t\t\t<\/div>\n\t\t\t\t<\/div>\n\t\t\t\t<div class=\"elementor-element elementor-element-e684c52 elementor-widget-divider--view-line elementor-widget elementor-widget-divider\" data-id=\"e684c52\" data-element_type=\"widget\" data-widget_type=\"divider.default\">\n\t\t\t\t<div class=\"elementor-widget-container\">\n\t\t\t\t\t\t\t<div class=\"elementor-divider\">\n\t\t\t<span class=\"elementor-divider-separator\">\n\t\t\t\t\t\t<\/span>\n\t\t<\/div>\n\t\t\t\t\t\t<\/div>\n\t\t\t\t<\/div>\n\t\t\t\t<\/div>\n\t\t\t\t\t<\/div>\n\t\t\t\t<\/div>\n\t\t\t\t<\/div>\n\t\t","protected":false},"excerpt":{"rendered":"<p>Nos Penthouses Perch\u00e9s au sommet de nos immeubles, nos Penthouses offrent un cadre de vie exclusif avec des vues panoramiques \u00e0 couper le souffle. Spacieux et lumineux, ces espaces de&hellip;<\/p>\n","protected":false},"author":2,"featured_media":0,"parent":0,"menu_order":0,"comment_status":"closed","ping_status":"closed","template":"","meta":{"footnotes":""},"class_list":["post-3022","page","type-page","status-publish","hentry"],"_links":{"self":[{"href":"https:\/\/digitalidentitysn.com\/winwinpartners\/wp-json\/wp\/v2\/pages\/3022","targetHints":{"allow":["GET"]}}],"collection":[{"href":"https:\/\/digitalidentitysn.com\/winwinpartners\/wp-json\/wp\/v2\/pages"}],"about":[{"href":"https:\/\/digitalidentitysn.com\/winwinpartners\/wp-json\/wp\/v2\/types\/page"}],"author":[{"embeddable":true,"href":"https:\/\/digitalidentitysn.com\/winwinpartners\/wp-json\/wp\/v2\/users\/2"}],"replies":[{"embeddable":true,"href":"https:\/\/digitalidentitysn.com\/winwinpartners\/wp-json\/wp\/v2\/comments?post=3022"}],"version-history":[{"count":4,"href":"https:\/\/digitalidentitysn.com\/winwinpartners\/wp-json\/wp\/v2\/pages\/3022\/revisions"}],"predecessor-version":[{"id":3026,"href":"https:\/\/digitalidentitysn.com\/winwinpartners\/wp-json\/wp\/v2\/pages\/3022\/revisions\/3026"}],"wp:attachment":[{"href":"https:\/\/digitalidentitysn.com\/winwinpartners\/wp-json\/wp\/v2\/media?parent=3022"}],"curies":[{"name":"wp","href":"https:\/\/api.w.org\/{rel}","templated":true}]}}