{"id":927,"date":"2023-05-24T13:42:49","date_gmt":"2023-05-24T13:42:49","guid":{"rendered":"https:\/\/digitalidentitysn.com\/AMCO\/?page_id=927"},"modified":"2023-10-10T12:34:39","modified_gmt":"2023-10-10T12:34:39","slug":"accreditation","status":"publish","type":"page","link":"https:\/\/digitalidentitysn.com\/AMCO\/accreditation\/","title":{"rendered":"Accr\u00e9ditation"},"content":{"rendered":"\t\t<div data-elementor-type=\"wp-page\" data-elementor-id=\"927\" class=\"elementor elementor-927\">\n\t\t\t\t\t\t<section class=\"elementor-section elementor-top-section elementor-element elementor-element-50eaa439 elementor-section-boxed elementor-section-height-default elementor-section-height-default\" data-id=\"50eaa439\" data-element_type=\"section\" data-e-type=\"section\">\n\t\t\t\t\t\t<div class=\"elementor-container elementor-column-gap-wide\">\n\t\t\t\t\t<div class=\"elementor-column elementor-col-50 elementor-top-column elementor-element elementor-element-80319a5\" data-id=\"80319a5\" data-element_type=\"column\" data-e-type=\"column\">\n\t\t\t<div class=\"elementor-widget-wrap elementor-element-populated\">\n\t\t\t\t\t\t<section class=\"elementor-section elementor-inner-section elementor-element elementor-element-4ccda203 elementor-section-boxed elementor-section-height-default elementor-section-height-default\" data-id=\"4ccda203\" data-element_type=\"section\" data-e-type=\"section\">\n\t\t\t\t\t\t<div class=\"elementor-container elementor-column-gap-no\">\n\t\t\t\t\t<div class=\"elementor-column elementor-col-50 elementor-inner-column elementor-element elementor-element-706e7691\" data-id=\"706e7691\" data-element_type=\"column\" data-e-type=\"column\">\n\t\t\t<div class=\"elementor-widget-wrap elementor-element-populated\">\n\t\t\t\t\t\t<div class=\"elementor-element elementor-element-3f56ae49 elementor-widget-divider--view-line elementor-widget elementor-widget-divider\" data-id=\"3f56ae49\" data-element_type=\"widget\" data-e-type=\"widget\" data-widget_type=\"divider.default\">\n\t\t\t\t<div class=\"elementor-widget-container\">\n\t\t\t\t\t\t\t<div class=\"elementor-divider\">\n\t\t\t<span class=\"elementor-divider-separator\">\n\t\t\t\t\t\t<\/span>\n\t\t<\/div>\n\t\t\t\t\t\t<\/div>\n\t\t\t\t<\/div>\n\t\t\t\t\t<\/div>\n\t\t<\/div>\n\t\t\t\t<div class=\"elementor-column elementor-col-50 elementor-inner-column elementor-element elementor-element-6c89ef76\" data-id=\"6c89ef76\" data-element_type=\"column\" data-e-type=\"column\">\n\t\t\t<div class=\"elementor-widget-wrap elementor-element-populated\">\n\t\t\t\t\t\t<div class=\"elementor-element elementor-element-4e1f86b2 elementor-widget elementor-widget-heading\" data-id=\"4e1f86b2\" data-element_type=\"widget\" data-e-type=\"widget\" data-widget_type=\"heading.default\">\n\t\t\t\t<div class=\"elementor-widget-container\">\n\t\t\t\t\t<h2 class=\"elementor-heading-title elementor-size-default\">A propos de l'<\/h2>\t\t\t\t<\/div>\n\t\t\t\t<\/div>\n\t\t\t\t\t<\/div>\n\t\t<\/div>\n\t\t\t\t\t<\/div>\n\t\t<\/section>\n\t\t\t\t<div class=\"elementor-element elementor-element-44c1c94c elementor-widget elementor-widget-heading\" data-id=\"44c1c94c\" data-element_type=\"widget\" data-e-type=\"widget\" data-widget_type=\"heading.default\">\n\t\t\t\t<div class=\"elementor-widget-container\">\n\t\t\t\t\t<h2 class=\"elementor-heading-title elementor-size-default\">Accr\u00e9ditation<\/h2>\t\t\t\t<\/div>\n\t\t\t\t<\/div>\n\t\t\t\t\t<\/div>\n\t\t<\/div>\n\t\t\t\t<div class=\"elementor-column elementor-col-50 elementor-top-column elementor-element elementor-element-636ad27d\" data-id=\"636ad27d\" data-element_type=\"column\" data-e-type=\"column\">\n\t\t\t<div class=\"elementor-widget-wrap elementor-element-populated\">\n\t\t\t\t\t\t<div class=\"elementor-element elementor-element-5e519f0b elementor-widget elementor-widget-text-editor\" data-id=\"5e519f0b\" data-element_type=\"widget\" data-e-type=\"widget\" data-widget_type=\"text-editor.default\">\n\t\t\t\t<div class=\"elementor-widget-container\">\n\t\t\t\t\t\t\t\t\t<p><strong>AM-CO Consulting &amp; Services est\u00a0accr\u00e9dit\u00e9 par le Fonds de Financement de la Formation Professionnelle et Technique (3FPT) du S\u00e9n\u00e9gal.<\/strong><\/p><p><strong>AM-CO Consulting\u00a0<\/strong>est un cabinet de Formations \u2013 Coaching \u2013 Conseils, sp\u00e9cialis\u00e9 dans diff\u00e9rents domaines d\u2019activit\u00e9s qui touchent l\u2019Entreprise et les organisations d\u2019une mani\u00e8re g\u00e9n\u00e9rale. Nous sommes constitu\u00e9s d\u2019un groupe de consultants et formateurs seniors tr\u00e8s exp\u00e9riment\u00e9.<\/p><p>Notre mission est la formation, le coaching, le conseil, l\u2019accompagnement et le renforcement des capacit\u00e9s des ressources humaines en Entreprise.<\/p><p>Nous accompagnons les PME, les Organisations professionnelles, les Groupements de femmes, les Agences d\u2019accompagnement dans leurs d\u00e9marches d\u2019am\u00e9lioration continue et de recherche de la performance. Nous restons \u00e0 leur \u00e9coute\u2026<\/p>\t\t\t\t\t\t\t\t<\/div>\n\t\t\t\t<\/div>\n\t\t\t\t\t<\/div>\n\t\t<\/div>\n\t\t\t\t\t<\/div>\n\t\t<\/section>\n\t\t\t\t<section class=\"elementor-section elementor-top-section elementor-element elementor-element-1798834f elementor-section-boxed elementor-section-height-default elementor-section-height-default\" data-id=\"1798834f\" data-element_type=\"section\" data-e-type=\"section\" data-settings=\"{&quot;background_background&quot;:&quot;classic&quot;}\">\n\t\t\t\t\t\t\t<div class=\"elementor-background-overlay\"><\/div>\n\t\t\t\t\t\t\t<div class=\"elementor-container elementor-column-gap-default\">\n\t\t\t\t\t<div class=\"elementor-column elementor-col-50 elementor-top-column elementor-element elementor-element-5a4730dd elementor-hidden-tablet elementor-hidden-mobile\" data-id=\"5a4730dd\" data-element_type=\"column\" data-e-type=\"column\">\n\t\t\t<div class=\"elementor-widget-wrap elementor-element-populated\">\n\t\t\t\t\t\t<div class=\"elementor-element elementor-element-622e06e elementor-widget__width-initial elementor-widget elementor-widget-heading\" data-id=\"622e06e\" data-element_type=\"widget\" data-e-type=\"widget\" data-widget_type=\"heading.default\">\n\t\t\t\t<div class=\"elementor-widget-container\">\n\t\t\t\t\t<h1 class=\"elementor-heading-title elementor-size-default\"><a href=\"\">AM-CO Consulting &amp; Services<\/a><\/h1>\t\t\t\t<\/div>\n\t\t\t\t<\/div>\n\t\t\t\t<div class=\"elementor-element elementor-element-4759ad4 elementor-widget elementor-widget-heading\" data-id=\"4759ad4\" data-element_type=\"widget\" data-e-type=\"widget\" data-widget_type=\"heading.default\">\n\t\t\t\t<div class=\"elementor-widget-container\">\n\t\t\t\t\t<h3 class=\"elementor-heading-title elementor-size-default\">L'\u00e9coute, notre approche !<\/h3>\t\t\t\t<\/div>\n\t\t\t\t<\/div>\n\t\t\t\t\t<\/div>\n\t\t<\/div>\n\t\t\t\t<div class=\"elementor-column elementor-col-50 elementor-top-column elementor-element elementor-element-6daeb420\" data-id=\"6daeb420\" data-element_type=\"column\" data-e-type=\"column\">\n\t\t\t<div class=\"elementor-widget-wrap elementor-element-populated\">\n\t\t\t\t\t\t<div class=\"elementor-element elementor-element-43b6839d elementor-widget elementor-widget-text-editor\" data-id=\"43b6839d\" data-element_type=\"widget\" data-e-type=\"widget\" data-widget_type=\"text-editor.default\">\n\t\t\t\t<div class=\"elementor-widget-container\">\n\t\t\t\t\t\t\t\t\t<p>Nos domaines d\u2019intervention :<\/p><ul><li><strong>Management en Entreprise<\/strong><\/li><li><strong>Management organisationnel<\/strong><\/li><li><strong>Management des Ressources Humaines<\/strong><\/li><li><strong>Commerce International \/ Achats (Transport \u2013 Douane \u2013 Logistique)<\/strong><\/li><li><strong>Communication \/ Marketing<\/strong><\/li><li><strong>Coaching individuel et professionnel<\/strong><\/li><\/ul>\t\t\t\t\t\t\t\t<\/div>\n\t\t\t\t<\/div>\n\t\t\t\t<div class=\"elementor-element elementor-element-9ca4867 elementor-widget elementor-widget-text-editor\" data-id=\"9ca4867\" data-element_type=\"widget\" data-e-type=\"widget\" data-widget_type=\"text-editor.default\">\n\t\t\t\t<div class=\"elementor-widget-container\">\n\t\t\t\t\t\t\t\t\t<p>Nous offrons des sessions de formation tous les mois avec diff\u00e9rents th\u00e9matiques qui peuvent se d\u00e9rouler en intra entreprise, en inter entreprise, en ligne, en mode hybride ou dans les r\u00e9ceptifs h\u00f4teliers (Dakar, Saly, Somone, Iles du Saloum\u2026). Voir nos calendriers (lien qui m\u00e8ne aux calendriers)<\/p>\t\t\t\t\t\t\t\t<\/div>\n\t\t\t\t<\/div>\n\t\t\t\t<div class=\"elementor-element elementor-element-71609f82 elementor-widget elementor-widget-text-editor\" data-id=\"71609f82\" data-element_type=\"widget\" data-e-type=\"widget\" data-widget_type=\"text-editor.default\">\n\t\t\t\t<div class=\"elementor-widget-container\">\n\t\t\t\t\t\t\t\t\t<p>Nos formations sont modulables et s\u2019adaptent sur mesure selon les besoins de votre plan de formation.. Nous disposons dans nos locaux d\u2019une salle de formation accueillante, \u00e9quip\u00e9e, outill\u00e9e pouvant accueillir des participants par groupe de 10. (lien photos pour visualiser les locaux et la salle).<\/p>\t\t\t\t\t\t\t\t<\/div>\n\t\t\t\t<\/div>\n\t\t\t\t\t<\/div>\n\t\t<\/div>\n\t\t\t\t\t<\/div>\n\t\t<\/section>\n\t\t\t\t<section class=\"elementor-section elementor-top-section elementor-element elementor-element-8646510 elementor-section-boxed elementor-section-height-default elementor-section-height-default\" data-id=\"8646510\" data-element_type=\"section\" data-e-type=\"section\">\n\t\t\t\t\t\t<div class=\"elementor-container elementor-column-gap-default\">\n\t\t\t\t\t<div class=\"elementor-column elementor-col-50 elementor-top-column elementor-element elementor-element-3afc3cb\" data-id=\"3afc3cb\" data-element_type=\"column\" data-e-type=\"column\">\n\t\t\t<div class=\"elementor-widget-wrap\">\n\t\t\t\t\t\t\t<\/div>\n\t\t<\/div>\n\t\t\t\t<div class=\"elementor-column elementor-col-50 elementor-top-column elementor-element elementor-element-4dc604a\" data-id=\"4dc604a\" data-element_type=\"column\" data-e-type=\"column\">\n\t\t\t<div class=\"elementor-widget-wrap\">\n\t\t\t\t\t\t\t<\/div>\n\t\t<\/div>\n\t\t\t\t\t<\/div>\n\t\t<\/section>\n\t\t\t\t<section class=\"elementor-section elementor-top-section elementor-element elementor-element-f734529 elementor-section-boxed elementor-section-height-default elementor-section-height-default\" data-id=\"f734529\" data-element_type=\"section\" data-e-type=\"section\">\n\t\t\t\t\t\t<div class=\"elementor-container elementor-column-gap-default\">\n\t\t\t\t\t<div class=\"elementor-column elementor-col-100 elementor-top-column elementor-element elementor-element-bd33a53\" data-id=\"bd33a53\" data-element_type=\"column\" data-e-type=\"column\">\n\t\t\t<div class=\"elementor-widget-wrap elementor-element-populated\">\n\t\t\t\t\t\t<section class=\"elementor-section elementor-inner-section elementor-element elementor-element-c41829a elementor-section-boxed elementor-section-height-default elementor-section-height-default\" data-id=\"c41829a\" data-element_type=\"section\" data-e-type=\"section\">\n\t\t\t\t\t\t<div class=\"elementor-container elementor-column-gap-default\">\n\t\t\t\t\t<div class=\"elementor-column elementor-col-50 elementor-inner-column elementor-element elementor-element-d393a01\" data-id=\"d393a01\" data-element_type=\"column\" data-e-type=\"column\">\n\t\t\t<div class=\"elementor-widget-wrap elementor-element-populated\">\n\t\t\t\t\t\t<div class=\"elementor-element elementor-element-1cf29c4a elementor-widget__width-initial elementor-widget elementor-widget-image\" data-id=\"1cf29c4a\" data-element_type=\"widget\" data-e-type=\"widget\" data-widget_type=\"image.default\">\n\t\t\t\t<div class=\"elementor-widget-container\">\n\t\t\t\t\t\t\t\t\t\t\t\t\t\t\t<img fetchpriority=\"high\" decoding=\"async\" width=\"400\" height=\"162\" src=\"https:\/\/digitalidentitysn.com\/AMCO\/wp-content\/uploads\/2023\/04\/cropped-LOGO-Paysage-PNG.png\" class=\"attachment-full size-full wp-image-626\" alt=\"\" srcset=\"https:\/\/digitalidentitysn.com\/AMCO\/wp-content\/uploads\/2023\/04\/cropped-LOGO-Paysage-PNG.png 400w, https:\/\/digitalidentitysn.com\/AMCO\/wp-content\/uploads\/2023\/04\/cropped-LOGO-Paysage-PNG-300x122.png 300w\" sizes=\"(max-width: 400px) 100vw, 400px\" \/>\t\t\t\t\t\t\t\t\t\t\t\t\t\t\t<\/div>\n\t\t\t\t<\/div>\n\t\t\t\t\t<\/div>\n\t\t<\/div>\n\t\t\t\t<div class=\"elementor-column elementor-col-50 elementor-inner-column elementor-element elementor-element-9705d0f\" data-id=\"9705d0f\" data-element_type=\"column\" data-e-type=\"column\">\n\t\t\t<div class=\"elementor-widget-wrap elementor-element-populated\">\n\t\t\t\t\t\t<div class=\"elementor-element elementor-element-2abe2fd elementor-widget elementor-widget-text-editor\" data-id=\"2abe2fd\" data-element_type=\"widget\" data-e-type=\"widget\" data-widget_type=\"text-editor.default\">\n\t\t\t\t<div class=\"elementor-widget-container\">\n\t\t\t\t\t\t\t\t\t<p><strong>AM-CO Consulting<\/strong>\u00a0c\u2019est la\u00a0<strong>r\u00e9alisation d\u2019une exp\u00e9rience de plus de 27 ann\u00e9es cumul\u00e9es dans l\u2019organisation et l\u2019administration des Entreprises<\/strong>. Nous avons eu l\u2019opportunit\u00e9 de travailler dans divers secteurs d\u2019activit\u00e9s et au travers de nos missions, nous avons \u0153uvr\u00e9 strat\u00e9giquement et op\u00e9rationnellement pour r\u00e9pondre aux attentes avec une recherche permanente de r\u00e9sultats et de la performance pour assurer des partenariats solides et durables.<\/p>\t\t\t\t\t\t\t\t<\/div>\n\t\t\t\t<\/div>\n\t\t\t\t\t<\/div>\n\t\t<\/div>\n\t\t\t\t\t<\/div>\n\t\t<\/section>\n\t\t\t\t<div class=\"elementor-element elementor-element-3da66a32 elementor-widget elementor-widget-text-editor\" data-id=\"3da66a32\" data-element_type=\"widget\" data-e-type=\"widget\" data-widget_type=\"text-editor.default\">\n\t\t\t\t<div class=\"elementor-widget-container\">\n\t\t\t\t\t\t\t\t\t<p>Pr\u00e9sent au S\u00e9n\u00e9gal depuis 2020,\u00a0<strong>AM-CO Consulting &amp; Services<\/strong>, a pour objectif d\u2019\u00eatre un\u00a0<strong>cabinet de formation et consulting<\/strong>\u00a0reconnu parmi les leaders de la formation professionnelle continue offrant de l\u2019accompagnement aux professionnels et aux entreprises dans leurs plans de carri\u00e8res et de formation.<\/p><p>Avec son plan de d\u00e9veloppement \u00e9conomique et social d\u00e9nomm\u00e9<strong>\u00a0PSE<\/strong>\u00a0(<strong>Plan S\u00e9n\u00e9gal Emergent<\/strong>), le gouvernement du S\u00e9n\u00e9gal a mis l\u2019accent particuli\u00e8rement sur le renforcement du capital humain comme un axe strat\u00e9gique majeur.<\/p>\t\t\t\t\t\t\t\t<\/div>\n\t\t\t\t<\/div>\n\t\t\t\t<div class=\"elementor-element elementor-element-275c4810 elementor-widget elementor-widget-text-editor\" data-id=\"275c4810\" data-element_type=\"widget\" data-e-type=\"widget\" data-widget_type=\"text-editor.default\">\n\t\t\t\t<div class=\"elementor-widget-container\">\n\t\t\t\t\t\t\t\t\t<p>L\u2019Etat du Sen\u00e9gal \u00e0 travers le d\u00e9cret n\u00b02014-1264 du 7 octobre 2014, a mis en place une agence, le\u00a0<strong>Fonds de Financement de la Formation Professionnelle et Technique<\/strong>\u00a0(<strong>3FPT<\/strong>) avec l\u2019appui de l\u2019<strong>Agence Fran\u00e7aise de D\u00e9veloppement<\/strong>\u00a0(AFD) et la\u00a0<strong>Banque Mondiale<\/strong>\u00a0(BM).<\/p><p>Le 3FPT assure le financement de la formation des jeunes en recherche d\u2019emploi, de qualification dans le cadre d\u2019un projet ou d\u2019une reconversion\u00a0professionnelle, des resssources humaines en entreprises, et dans diff\u00e9rentes organisations.<\/p>\t\t\t\t\t\t\t\t<\/div>\n\t\t\t\t<\/div>\n\t\t\t\t<div class=\"elementor-element elementor-element-ed48264 elementor-widget elementor-widget-text-editor\" data-id=\"ed48264\" data-element_type=\"widget\" data-e-type=\"widget\" data-widget_type=\"text-editor.default\">\n\t\t\t\t<div class=\"elementor-widget-container\">\n\t\t\t\t\t\t\t\t\t<p>Les subventions du 3FPT sont \u00e0 hauteur de 90 \u00e0 95% du co\u00fbt global de la formation.<\/p><p><strong>AM-CO Consulting<\/strong>\u00a0a obtenu l\u2019accr\u00e9ditation du 3FPT, sous le\u00a0<strong>num\u00e9ro agr\u00e9ment A22 00240 \/2022<\/strong>\u00a0qui le reconna\u00eet comme\u00a0<strong>Organisme de formation<\/strong>.<\/p><p>AM-CO vous accompagne durant l\u2019\u00e9laboration de votre plan de formation et vous aide \u00e0 monter votre demande de financement aupr\u00e8s du 3FPT.<\/p>\t\t\t\t\t\t\t\t<\/div>\n\t\t\t\t<\/div>\n\t\t\t\t\t<\/div>\n\t\t<\/div>\n\t\t\t\t\t<\/div>\n\t\t<\/section>\n\t\t\t\t<\/div>\n\t\t","protected":false},"excerpt":{"rendered":"<p>A propos de l&rsquo; Accr\u00e9ditation AM-CO Consulting &amp; Services est\u00a0accr\u00e9dit\u00e9 par le Fonds de Financement de la Formation Professionnelle et Technique (3FPT) du S\u00e9n\u00e9gal. AM-CO Consulting\u00a0est un cabinet de Formations&hellip;<\/p>\n","protected":false},"author":1,"featured_media":0,"parent":0,"menu_order":0,"comment_status":"closed","ping_status":"closed","template":"elementor_header_footer","meta":{"footnotes":""},"class_list":["post-927","page","type-page","status-publish","hentry"],"_links":{"self":[{"href":"https:\/\/digitalidentitysn.com\/AMCO\/wp-json\/wp\/v2\/pages\/927","targetHints":{"allow":["GET"]}}],"collection":[{"href":"https:\/\/digitalidentitysn.com\/AMCO\/wp-json\/wp\/v2\/pages"}],"about":[{"href":"https:\/\/digitalidentitysn.com\/AMCO\/wp-json\/wp\/v2\/types\/page"}],"author":[{"embeddable":true,"href":"https:\/\/digitalidentitysn.com\/AMCO\/wp-json\/wp\/v2\/users\/1"}],"replies":[{"embeddable":true,"href":"https:\/\/digitalidentitysn.com\/AMCO\/wp-json\/wp\/v2\/comments?post=927"}],"version-history":[{"count":0,"href":"https:\/\/digitalidentitysn.com\/AMCO\/wp-json\/wp\/v2\/pages\/927\/revisions"}],"wp:attachment":[{"href":"https:\/\/digitalidentitysn.com\/AMCO\/wp-json\/wp\/v2\/media?parent=927"}],"curies":[{"name":"wp","href":"https:\/\/api.w.org\/{rel}","templated":true}]}}